{"id":829,"date":"2021-12-09T16:34:07","date_gmt":"2021-12-09T15:34:07","guid":{"rendered":"https:\/\/acmarines.fr\/?page_id=829"},"modified":"2022-12-07T23:00:32","modified_gmt":"2022-12-07T22:00:32","slug":"le-bureau","status":"publish","type":"page","link":"https:\/\/acmarines.fr\/?page_id=829","title":{"rendered":"Le bureau 2021-2022"},"content":{"rendered":"\n<figure class=\"wp-block-image aligncenter size-full\"><img data-recalc-dims=\"1\" loading=\"lazy\" decoding=\"async\" width=\"640\" height=\"480\" src=\"https:\/\/i0.wp.com\/acmarines.fr\/wp-content\/uploads\/2021\/12\/bureau.jpg?resize=640%2C480&#038;ssl=1\" alt=\"\" class=\"wp-image-830\" srcset=\"https:\/\/i0.wp.com\/acmarines.fr\/wp-content\/uploads\/2021\/12\/bureau.jpg?w=820&amp;ssl=1 820w, https:\/\/i0.wp.com\/acmarines.fr\/wp-content\/uploads\/2021\/12\/bureau.jpg?resize=300%2C225&amp;ssl=1 300w, https:\/\/i0.wp.com\/acmarines.fr\/wp-content\/uploads\/2021\/12\/bureau.jpg?resize=768%2C576&amp;ssl=1 768w\" sizes=\"auto, (max-width: 640px) 100vw, 640px\" \/><figcaption class=\"wp-element-caption\"><em>Photo de 2019, en attendant celle de 2021.<\/em><\/figcaption><\/figure>\n\n\n\n<p>Suite \u00e0 l&rsquo;Assembl\u00e9e G\u00e9n\u00e9rale du 26 novembre 2021 et de la r\u00e9union du nouveau bureau, voici sa constitution pour la saison 2021-2022 :<\/p>\n\n\n\n<p><\/p>\n\n\n\n<p>Pr\u00e9sident : Pascal Renault<\/p>\n\n\n\n<p>Vice Pr\u00e9sident : Vincent Berthelot<\/p>\n\n\n\n<p>Vice Pr\u00e9sidente : Delphine Salvadori<\/p>\n\n\n\n<p>R\u00e9f\u00e9rents s\u00e9curit\u00e9 : Bruno Courtois \/ Pascal Renault<\/p>\n\n\n\n<p><\/p>\n\n\n\n<p>Tr\u00e9sorier : Bruno Courtois<\/p>\n\n\n\n<p>Tr\u00e9sorier adjoint&nbsp; : Sylvain Guyot<\/p>\n\n\n\n<p><\/p>\n\n\n\n<p>Secr\u00e9taire : Anne Hautreux<\/p>\n\n\n\n<p>Secr\u00e9taires adjointes : C\u00e9cile Hozsan \/ S\u00e9verine Bachelet \/ Chantal Carrara<\/p>\n\n\n\n<p>Gestion de l&rsquo;\u00e9cole VTT : Delphine Salvadori \/ Vincent Berthelot \/ Patrice Borie \/ Frederic Weil \/ Mario Pruvost \/ S\u00e9bastien Rolland<\/p>\n\n\n\n<hr class=\"wp-block-separator has-css-opacity\"\/>\n\n\n\n<p><strong>Gestion des licences <\/strong>:<\/p>\n\n\n\n<p>UFOLEP : Anne Hautreux \/ Chantal Carrara \/ C\u00e9line Hozsan \/ S\u00e9verine Bachelet<\/p>\n\n\n\n<p>FFC : Pascal Renault<\/p>\n\n\n\n<p>FFTRI : S\u00e9bastien Rolland \/ Frederic Weil<\/p>\n\n\n\n<hr class=\"wp-block-separator has-css-opacity\"\/>\n\n\n\n<p><strong>R\u00e9f\u00e9rents :<\/strong><\/p>\n\n\n\n<p>UFOLEP \/ VTT Jeunes : Fr\u00e9d\u00e9ric Weil \/ St\u00e9phane Salvadori \/ S\u00e9bastien Rolland<\/p>\n\n\n\n<p>UFOLEP \/ VTT Adultes : Vincent Berthelot \/ S\u00e9bastien Rolland \/ Patrice borie<\/p>\n\n\n\n<p>UFOLEP \/ Cyclosport (Route \/ Cyclo-Cross) : Pascal Renault<\/p>\n\n\n\n<p>UFOLEP \/ Cyclotourisme : Bruno Courtois \/ Sylvain Guyot<\/p>\n\n\n\n<p>FFC : Pascal Renault <\/p>\n\n\n\n<p>TRIATHLON : S\u00e9bastien Rolland \/ Fr\u00e9d\u00e9ric Weil<\/p>\n\n\n\n<hr class=\"wp-block-separator has-css-opacity\"\/>\n\n\n\n<p><strong>Responsables : &nbsp;&nbsp;<\/strong><\/p>\n\n\n\n<p>Sponsors : Vincent Berthelot<\/p>\n\n\n\n<p>Liaison Mairie de Marines :&nbsp; Bruno Courtois \/ Vincent Berthelot<\/p>\n\n\n\n<p>Logistique : Julien Ferrandon, St\u00e9phane Salvadori \/ Bruno Courtois<\/p>\n\n\n\n<p>Accueil S\u00e9curit\u00e9 et carrefours : Bruno Courtois \/ Pascal Renault<\/p>\n\n\n\n<p>\u00c9quipements : Bruno Courtois (Adultes &amp; catalogue) \/ Delphine Salvadori et C\u00e9line Hozsan (Ecole VTT)<\/p>\n\n\n\n<p>Restauration : St\u00e9phane Salvadori \/ Julien Ferrandon \/ Bruno Courtois<\/p>\n\n\n\n<p>Ouvertures courses : Sylvain Guyot \/ Vincent Berthelot \/ Pascal Renault<\/p>\n\n\n\n<p>Responsable site internet :&nbsp;Pascal Renault&nbsp;&nbsp;&nbsp;&nbsp;<\/p>\n\n\n\n<p>Responsable Facebook : Delphine Salvadori \/ Vincent Berthelot<\/p>\n\n\n\n<p><\/p>\n\n\n\n<p><\/p>\n\n\n\n<figure class=\"wp-block-gallery has-nested-images columns-default is-cropped wp-block-gallery-1 is-layout-flex wp-block-gallery-is-layout-flex\">\n<figure class=\"wp-block-image size-large\"><img data-recalc-dims=\"1\" loading=\"lazy\" decoding=\"async\" width=\"640\" height=\"364\" data-id=\"2064\" src=\"https:\/\/i0.wp.com\/acmarines.fr\/wp-content\/uploads\/2022\/01\/photo-1.jpg?resize=640%2C364&#038;ssl=1\" alt=\"\" class=\"wp-image-2064\" srcset=\"https:\/\/i0.wp.com\/acmarines.fr\/wp-content\/uploads\/2022\/01\/photo-1.jpg?resize=1024%2C582&amp;ssl=1 1024w, https:\/\/i0.wp.com\/acmarines.fr\/wp-content\/uploads\/2022\/01\/photo-1.jpg?resize=300%2C170&amp;ssl=1 300w, https:\/\/i0.wp.com\/acmarines.fr\/wp-content\/uploads\/2022\/01\/photo-1.jpg?resize=768%2C436&amp;ssl=1 768w, https:\/\/i0.wp.com\/acmarines.fr\/wp-content\/uploads\/2022\/01\/photo-1.jpg?resize=1536%2C872&amp;ssl=1 1536w, https:\/\/i0.wp.com\/acmarines.fr\/wp-content\/uploads\/2022\/01\/photo-1.jpg?w=1669&amp;ssl=1 1669w, https:\/\/i0.wp.com\/acmarines.fr\/wp-content\/uploads\/2022\/01\/photo-1.jpg?w=1280&amp;ssl=1 1280w\" sizes=\"auto, (max-width: 640px) 100vw, 640px\" \/><\/figure>\n\n\n\n<figure class=\"wp-block-image size-large\"><img data-recalc-dims=\"1\" loading=\"lazy\" decoding=\"async\" width=\"640\" height=\"367\" data-id=\"2065\" src=\"https:\/\/i0.wp.com\/acmarines.fr\/wp-content\/uploads\/2022\/01\/photo3-1.jpg?resize=640%2C367&#038;ssl=1\" alt=\"\" class=\"wp-image-2065\" srcset=\"https:\/\/i0.wp.com\/acmarines.fr\/wp-content\/uploads\/2022\/01\/photo3-1.jpg?resize=1024%2C587&amp;ssl=1 1024w, https:\/\/i0.wp.com\/acmarines.fr\/wp-content\/uploads\/2022\/01\/photo3-1.jpg?resize=300%2C172&amp;ssl=1 300w, https:\/\/i0.wp.com\/acmarines.fr\/wp-content\/uploads\/2022\/01\/photo3-1.jpg?resize=768%2C440&amp;ssl=1 768w, https:\/\/i0.wp.com\/acmarines.fr\/wp-content\/uploads\/2022\/01\/photo3-1.jpg?resize=1536%2C880&amp;ssl=1 1536w, https:\/\/i0.wp.com\/acmarines.fr\/wp-content\/uploads\/2022\/01\/photo3-1.jpg?w=1642&amp;ssl=1 1642w, https:\/\/i0.wp.com\/acmarines.fr\/wp-content\/uploads\/2022\/01\/photo3-1.jpg?w=1280&amp;ssl=1 1280w\" sizes=\"auto, (max-width: 640px) 100vw, 640px\" \/><\/figure>\n<\/figure>\n\n\n\n<p><\/p>\n","protected":false},"excerpt":{"rendered":"<p>Suite \u00e0 l&rsquo;Assembl\u00e9e G\u00e9n\u00e9rale du 26 novembre 2021 et de la r\u00e9union du nouveau bureau, voici sa constitution<\/p>\n","protected":false},"author":1,"featured_media":0,"parent":0,"menu_order":0,"comment_status":"closed","ping_status":"closed","template":"","meta":{"jetpack_post_was_ever_published":false,"footnotes":""},"class_list":["post-829","page","type-page","status-publish","hentry"],"jetpack_sharing_enabled":true,"_links":{"self":[{"href":"https:\/\/acmarines.fr\/index.php?rest_route=\/wp\/v2\/pages\/829","targetHints":{"allow":["GET"]}}],"collection":[{"href":"https:\/\/acmarines.fr\/index.php?rest_route=\/wp\/v2\/pages"}],"about":[{"href":"https:\/\/acmarines.fr\/index.php?rest_route=\/wp\/v2\/types\/page"}],"author":[{"embeddable":true,"href":"https:\/\/acmarines.fr\/index.php?rest_route=\/wp\/v2\/users\/1"}],"replies":[{"embeddable":true,"href":"https:\/\/acmarines.fr\/index.php?rest_route=%2Fwp%2Fv2%2Fcomments&post=829"}],"version-history":[{"count":15,"href":"https:\/\/acmarines.fr\/index.php?rest_route=\/wp\/v2\/pages\/829\/revisions"}],"predecessor-version":[{"id":7003,"href":"https:\/\/acmarines.fr\/index.php?rest_route=\/wp\/v2\/pages\/829\/revisions\/7003"}],"wp:attachment":[{"href":"https:\/\/acmarines.fr\/index.php?rest_route=%2Fwp%2Fv2%2Fmedia&parent=829"}],"curies":[{"name":"wp","href":"https:\/\/api.w.org\/{rel}","templated":true}]}}